4)/(b - -30)). Is (1 - 0)/(4226/o + 2) composite?
True
Suppose 0 = 48*b - 482374 - 718250. Is b composite?
False
Let n(g) = 9*g**2 + 9*g - 79. Is n(18) prime?
True
Let c(s) = s**2 + 35*s + 71. Let a be c(-6). Let t = -200 + 100. Let u = t - a. Is u a prime number?
True
Suppose 86*a - 90*a - 3*j = -1469301, -3*a + 1101967 = 4*j. Is a composite?
True
Suppose 2*p + p - g = 59, 0 = 4*p + 5*g - 85. Suppose -11*s - 220329 = -p*s. Is s a composite number?
False
Is (3 - 29/9) + (-7864785)/(-405) composite?
True
Let g(j) = -7*j**2 - 2*j - 3. Let r be g(-1). Let v be 2393*(-2)/r*4. Is 1/3*(v - (-4)/(-2)) composite?
False
Let z be (196/6)/(-3*6/54). Is (49/z)/(-2 + 1015/508) a composite number?
True
Suppose -34*d + 3*d + 2171800 = 9*d. Is d a composite number?
True
Let h(p) = -12*p**2 - 4*p + 125. Let f(b) = 12*b**2 + 3*b - 124. Let v(a) = -4*f(a) - 5*h(a). Is v(10) composite?
False
Suppose -2*m - 5*m = -105. Suppose 3*n + 4*t = 2 + 18, m = 3*t. Suppose 2*k + 5*k - 5033 = n. Is k a prime number?
True
Let n = -406990 - -714959. Is n a prime number?
True
Let l(i) = -i**3 + 21*i**2 + 72*i + 14. Let u be l(24). Let x(d) = -d**3 + 23*d**2 - 31*d + 31. Is x(u) a prime number?
True
Suppose -4*y = 4*n - 1024, -3*y - y + 1022 = 5*n. Suppose y = -9*q + 753. Is q a prime number?
False
Let a be -11*((-475)/5)/((-2)/(-6)). Suppose 5*p + 9095 = -a. Let i = p - -5057. Is i a composite number?
True
Let x(s) = 10*s**2 - 28*s + 161. Let r(v) = -4*v**2 + 9*v - 54. Let u(j) = -7*r(j) - 2*x(j). Is u(9) composite?
False
Let p(v) = -24*v**3 - v**2 - 2*v + 3. Let h = -24 + 48. Suppose 0*l = 5*f + 4*l + h, -3*l + 13 = -4*f. Is p(f) prime?
True
Let w = -8 + 228. Suppose -w*y = -219*y - 1115. Is y a composite number?
True
Let r(k) = -k**2 - k + 6. Let p be r(-3). Let m be 3 - ((-4 - -3) + p). Suppose 0*y + m = y. Is y composite?
True
Let h(s) = -3394*s - 2087. Is h(-94) prime?
False
Suppose 3*k + f - 944072 = 0, -36*f + 1258744 = 4*k - 32*f. Is k a composite number?
False
Let w be (8485 + 1)*(-44)/(-8). Suppose 0 = -3*x - 4*k + w, -5*x + 40965 = -2*k - 36780. Is x a composite number?
False
Let k = -56271 + 155836. Is k a composite number?
True
Let b = -4329 - -2020. Let k = 3756 + b. Let l = 2154 - k. Is l composite?
True
Suppose 3*j + 2 = n - 1, 5*j + 5 = 4*n. Let b(r) = -5929*r + 10. Is b(j) prime?
True
Let n(i) = i**3 + 20*i**2 + 23*i + 13. Let l = -42 + 44. Suppose -2*u + 2*c - 34 = 0, -2*c = u + l*c + 22. Is n(u) a composite number?
True
Let u be -26 + -1 + 5 - (-6 + 2). Let z be 5 - 10 - u/(-3). Let d(t) = -2*t**3 - 14*t**2 - 25*t + 20. Is d(z) prime?
False
Let c(g) = -g**3 - 11*g**2 - 27*g + 7. Let r be c(-7). Is 2149 - r*(-5 + 3)/8 a composite number?
True
Suppose 7*b - 123 = -221. Is 40/(-140) - 1488/b a composite number?
True
Suppose -2*z = b - 171533 - 472800, -5*z + 1610825 = 4*b. Is z a composite number?
False
Suppose 0 = 191*p - 425*p + 81479502. Is p a prime number?
False
Let n = 2 + 1. Let u be (4/n)/(2/1503). Let y = -137 + u. Is y composite?
True
Suppose 107989 + 154412 = 3*q. Is q prime?
False
Let k = 12 - 17. Let z(r) = 3*r + 17. Let u be z(k). Suppose u*a - 269 = 741. Is a composite?
True
Suppose -p - 7 = -11. Suppose -2*m + 2*g = -16, 3*m + 5 - 1 = -p*g. Suppose -m*u - 4*q + 2275 = -3*u, 4*u = -2*q + 9142. Is u prime?
True
Suppose -2*z + 37774 = -828. Suppose 0 = 190*p - 191*p + z. Is p a composite number?
False
Is (-4)/(-9) - ((-11)/((-792)/(-4513000)) - 2) prime?
True
Let n(r) = 128*r**2 - 138*r + 2105. Is n(89) prime?
True
Suppose 154*s = -152*s + 304*s + 589258. Is s composite?
False
Let x = -173266 - -269885. Is x a prime number?
False
Let w be (-2)/(-14) - (-320)/112. Suppose -2*f = j - 13162, j + 5647 + 14106 = w*f. Is f a composite number?
True
Let h = 34831 - -13038. Is h a prime number?
True
Let i be 830*(1 + -7 + 1). Let s = 7463 + i. Suppose -3*x = 2*v - 2207, -4*v + 4*x - s = -7*v. Is v a prime number?
False
Let p(v) = -551*v + 10. Let c(y) = -551*y + 10. Let g(n) = 5*c(n) - 6*p(n). Is g(7) a prime number?
True
Is ((12 - 22) + -2)*(-1249)/4 composite?
True
Suppose 11*c = 119 + 90. Suppose -2*p - c*p = -121359. Is p a composite number?
False
Let c be (-2)/19 - (-1716)/418. Suppose -c*u - 8 = -b, 5*b - 4 = 4*u - 2*u. Suppose -2*a + 2*r + 2096 = 0, b = a + 3*a + 5*r - 4201. Is a composite?
False
Suppose 3*j - 127050 = t + 4619, 4*t = -8. Is j a prime number?
True
Let w = 31 - 43. Let h = 764 - 776. Is 2 - 3496/w - (-4)/h prime?
True
Suppose -1452*o = -1365*o - 25045473. Is o a prime number?
False
Let g = -827 + 399. Let q = -169 - g. Is q prime?
False
Let n be 1/2 + 3807/6. Let r = n + 4974. Is r a composite number?
True
Suppose -215*v - 16*v = -78949101. Is v a composite number?
False
Let w(y) be the first derivative of 40461*y**4/4 + y**3 - 7*y**2/2 + 2*y - 12. Is w(1) prime?
True
Let i(o) be the first derivative of 703*o**4/24 + 5*o**3/6 + 15*o**2/2 + 9. Let v(q) be the second derivative of i(q). Is v(2) prime?
False
Let c = 56 + -39. Let m = c - -3. Let o = m - -471. Is o prime?
True
Suppose 0 = -3*g + 4*y + 109111, 9*y - 4*y = -3*g + 109129. Is g a composite number?
False
Let v be (-10 - -1) + 133/7. Let j(a) be the second derivative of a**3 - 7*a**2/2 + 2*a. Is j(v) a prime number?
True
Let y(a) = 1847*a - 64. Let g(t) = -t**3 - 2*t**2 + 2*t + 2. Let s be g(-3). Let q be y(s). Suppose -q = -3*d - 5*j - 2521, -3*d + 6647 = 2*j. Is d composite?
True
Let l be -2 - (-12 + (5 - (3 - -1))). Suppose -19722 - 61881 = -l*w. Is w a prime number?
True
Suppose 8 = 5*h - h. Suppose h*l + 659 = 3*z, -5*l - 653 = -6*z + 3*z. Suppose -4343 = -5*g - m, m - z = -g + 646. Is g a composite number?
True
Suppose 0 = -n + h + 1216138, -4864264 = -4*n + 80*h - 44*h. Is n a composite number?
False
Let f(d) = 15*d**2 - 27*d**3 + 48*d**3 - 22*d**3 + 2 - d. Let p be f(10). Let c = p + -43. Is c a composite number?
False
Suppose -2352877 = -70*i - 99*i + 699094. Is i a prime number?
True
Suppose -3*s + 4 + 26 = 0. Is 8/20 - 44/s - -4893 composite?
False
Suppose -3*q + 93 = 3*p, 0 = -109*p + 105*p - 5*q + 128. Suppose x + 27 = 4*x. Is (x/p)/(1/1473) a composite number?
False
Let z be ((-12)/(-9) - 1) + (-1671)/(-9). Suppose 3*f = 2*w - 67, -4*w - 4*f + z = 22. Let l = -7 + w. Is l a prime number?
True
Let t = 128 - 109. Suppose -2*m + 4*i - 6 = m, 5*i - t = -2*m. Suppose -121 = -m*n - 0*n + 3*p, -2*n = -4*p - 126. Is n a prime number?
True
Let h = -1134 + 12955. Is h composite?
False
Let q be 110/16 + 0 - (-10)/80. Let a(b) = b + 27. Is a(q) composite?
True
Let h = 112 + -210. Let a = 476 - 267. Let s = h + a. Is s a composite number?
True
Let u(r) = 84*r**2 + 101*r**2 + 93*r**2 - 9*r - 25*r**2 + 43*r**2 + 17. Is u(4) a composite number?
True
Let n(c) = 10*c - 183. Let s be n(18). Is (2/s)/((-16)/39288) a composite number?
False
Let r = 49 + -43. Suppose -428 = -7*p + r*p. Suppose -2*y - 3*a + 0*a = -p, 2*a - 848 = -4*y. Is y a prime number?
True
Let u(z) = 3 - 2*z**2 + 0*z**2 - 5 - 3*z - z**3. Let a be u(-1). Suppose a = 3*h + 5*f - 196, -5*h - 2*f + 314 = -0*h. Is h prime?
False
Let n = 2787 + -1744. Suppose n + 5459 = 2*l. Let a = 206 + l. Is a prime?
True
Let k(g) = 5*g + 122. Let p be k(-24). Suppose p*i = -6*i + 3656. Is i composite?
False
Let s = -1124 - 1587. Let m(r) = -365*r**2 - r - 8. Let w be m(-4). Let j = s - w. Is j composite?
True
Let w(d) = d**3 + 2*d + 16. Let t be w(0). Let o(h) = -h**3 + 18*h**2 - 8*h + 5. Let c be o(t). Suppose 96 = i - c. Is i composite?
True
Let x = -4162561 + 7241666. Is x a prime number?
False
Let n(f) = -2*f**2 + 6*f + 1. Let c be n(2). Suppose c*t + 9*t = 82306. Is t a prime number?
True
Suppose 79302 = z - n, 7*z - 9*n = -7*n + 555109. Is z a prime number?
True
Let d be (-13)/(-5) - (-2)/5. Suppose -13*w + 47 = 26*w - 109. Is -127*d/(w + -7) prime?
True
Let w(f) = -804*f**3 - 2*f**2 - 48*f - 125. Is w(-3) a composite number?
True
Let l = 595 + -467. Suppose -l*u - 16504 = -136*u. Is u composite?
False
Let r(z) = -z**3 + 8*z**2 - 12*z + 3. Let a be r(6). Is (-6 - -2) + (300*4 - a) prime?
True
Let o = -31361 + 55752. Is o a composite number?
False
Suppose -54*v - 1984144 = -70*v. Is v composite?
True
Let z = 687 - 1220. Let l = -480 - z. Is l a composite number?
False
Let s be 1 + -1 + 1/((-1)/1). Let d be s + 6 + -1 - (-2 +